{"id":379,"date":"2010-12-18T16:21:59","date_gmt":"2010-12-18T14:21:59","guid":{"rendered":"http:\/\/ullaniemi.se\/?page_id=379"},"modified":"2018-02-14T15:43:16","modified_gmt":"2018-02-14T13:43:16","slug":"bilder","status":"publish","type":"page","link":"http:\/\/ullaniemi.se\/?page_id=379","title":{"rendered":"Utst\u00e4llningsbilder"},"content":{"rendered":"<div id=\"attachment_1498\" style=\"width: 575px\" class=\"wp-caption aligncenter\"><a href=\"http:\/\/ullaniemi.se\/wp-content\/uploads\/IMG_4425.jpg\"><img aria-describedby=\"caption-attachment-1498\" loading=\"lazy\" class=\"size-large wp-image-1498\" src=\"http:\/\/ullaniemi.se\/wp-content\/uploads\/IMG_4425-565x1024.jpg\" alt=\"&quot;D\u00e4r vinden vilar&quot; installation av metall och tr\u00e4.\" width=\"565\" height=\"1024\" srcset=\"http:\/\/ullaniemi.se\/wp-content\/uploads\/IMG_4425-565x1024.jpg 565w, http:\/\/ullaniemi.se\/wp-content\/uploads\/IMG_4425-165x300.jpg 165w, http:\/\/ullaniemi.se\/wp-content\/uploads\/IMG_4425-768x1393.jpg 768w, http:\/\/ullaniemi.se\/wp-content\/uploads\/IMG_4425.jpg 900w\" sizes=\"(max-width: 565px) 100vw, 565px\" \/><\/a><p id=\"caption-attachment-1498\" class=\"wp-caption-text\">&#8221;D\u00e4r vinden vilar&#8221; installation av metall och tr\u00e4.<\/p><\/div>\n<div id=\"attachment_1478\" style=\"width: 650px\" class=\"wp-caption alignright\"><a href=\"http:\/\/ullaniemi.se\/wp-content\/uploads\/Kulturcentrum-Konstrundan-2016-samlingsutst\u00e4llning.jpg\"><img aria-describedby=\"caption-attachment-1478\" loading=\"lazy\" class=\"size-large wp-image-1478\" src=\"http:\/\/ullaniemi.se\/wp-content\/uploads\/Kulturcentrum-Konstrundan-2016-samlingsutst\u00e4llning-721x1024.jpg\" alt=\"&quot;Spikad&quot; P\u00e5 piedistalen st\u00e5r mina tio emaljskulpturer. I Bakrunden kollegors verk.\" width=\"640\" height=\"909\" srcset=\"http:\/\/ullaniemi.se\/wp-content\/uploads\/Kulturcentrum-Konstrundan-2016-samlingsutst\u00e4llning-721x1024.jpg 721w, http:\/\/ullaniemi.se\/wp-content\/uploads\/Kulturcentrum-Konstrundan-2016-samlingsutst\u00e4llning-211x300.jpg 211w, http:\/\/ullaniemi.se\/wp-content\/uploads\/Kulturcentrum-Konstrundan-2016-samlingsutst\u00e4llning-768x1091.jpg 768w, http:\/\/ullaniemi.se\/wp-content\/uploads\/Kulturcentrum-Konstrundan-2016-samlingsutst\u00e4llning.jpg 800w\" sizes=\"(max-width: 640px) 100vw, 640px\" \/><\/a><p id=\"caption-attachment-1478\" class=\"wp-caption-text\">&#8221;Spikad&#8221; P\u00e5 piedistalen st\u00e5r mina tio emaljskulpturer. I Bakrunden kollegors verk.<\/p><\/div>\n<div id=\"attachment_1465\" style=\"width: 328px\" class=\"wp-caption aligncenter\"><a href=\"http:\/\/ullaniemi.se\/wp-content\/uploads\/tors\u00e5s-biblan.jpg\" rel=\"attachment wp-att-1465\"><img aria-describedby=\"caption-attachment-1465\" loading=\"lazy\" class=\"size-full wp-image-1465\" src=\"http:\/\/ullaniemi.se\/wp-content\/uploads\/tors\u00e5s-biblan.jpg\" alt=\"Tors\u00e5s Bibliotek \" width=\"318\" height=\"159\" srcset=\"http:\/\/ullaniemi.se\/wp-content\/uploads\/tors\u00e5s-biblan.jpg 318w, http:\/\/ullaniemi.se\/wp-content\/uploads\/tors\u00e5s-biblan-300x150.jpg 300w\" sizes=\"(max-width: 318px) 100vw, 318px\" \/><\/a><p id=\"caption-attachment-1465\" class=\"wp-caption-text\">Tors\u00e5s Bibliotek<\/p><\/div>\n<div id=\"attachment_1448\" style=\"width: 890px\" class=\"wp-caption aligncenter\"><a href=\"http:\/\/ullaniemi.se\/wp-content\/uploads\/Thomas-och-jag-p\u00e5-H\u00f6rle-slott.jpg\" rel=\"attachment wp-att-1448\"><img aria-describedby=\"caption-attachment-1448\" loading=\"lazy\" class=\"size-full wp-image-1448\" src=\"http:\/\/ullaniemi.se\/wp-content\/uploads\/Thomas-och-jag-p\u00e5-H\u00f6rle-slott.jpg\" alt=\"Pressvisning p\u00e5 H\u00f6rle Slott med Tomas\" width=\"880\" height=\"587\" srcset=\"http:\/\/ullaniemi.se\/wp-content\/uploads\/Thomas-och-jag-p\u00e5-H\u00f6rle-slott.jpg 880w, http:\/\/ullaniemi.se\/wp-content\/uploads\/Thomas-och-jag-p\u00e5-H\u00f6rle-slott-300x200.jpg 300w, http:\/\/ullaniemi.se\/wp-content\/uploads\/Thomas-och-jag-p\u00e5-H\u00f6rle-slott-768x512.jpg 768w\" sizes=\"(max-width: 880px) 100vw, 880px\" \/><\/a><p id=\"caption-attachment-1448\" class=\"wp-caption-text\">Pressvisning p\u00e5 H\u00f6rle Slott med Tomas<\/p><\/div>\n<p><a href=\"http:\/\/ullaniemi.se\/wp-content\/uploads\/v\u00e4rnamo2.jpg\" rel=\"attachment wp-att-1449\"><img loading=\"lazy\" class=\"aligncenter size-large wp-image-1449\" src=\"http:\/\/ullaniemi.se\/wp-content\/uploads\/v\u00e4rnamo2.jpg\" alt=\"v\u00e4rnamo2\" width=\"640\" height=\"427\" srcset=\"http:\/\/ullaniemi.se\/wp-content\/uploads\/v\u00e4rnamo2.jpg 880w, http:\/\/ullaniemi.se\/wp-content\/uploads\/v\u00e4rnamo2-300x200.jpg 300w, http:\/\/ullaniemi.se\/wp-content\/uploads\/v\u00e4rnamo2-768x512.jpg 768w\" sizes=\"(max-width: 640px) 100vw, 640px\" \/><\/a><\/p>\n<p>&nbsp;<\/p>\n<p>&nbsp;<\/p>\n<p><a href=\"http:\/\/ullaniemi.se\/wp-content\/uploads\/kulturnatten-2015-1.jpg\"><img loading=\"lazy\" class=\"aligncenter size-full wp-image-1384\" src=\"http:\/\/ullaniemi.se\/wp-content\/uploads\/kulturnatten-2015-1.jpg\" alt=\"kulturnatten 2015\" width=\"800\" height=\"1013\" srcset=\"http:\/\/ullaniemi.se\/wp-content\/uploads\/kulturnatten-2015-1.jpg 800w, http:\/\/ullaniemi.se\/wp-content\/uploads\/kulturnatten-2015-1-237x300.jpg 237w\" sizes=\"(max-width: 800px) 100vw, 800px\" \/><\/a><\/p>\n<p>&nbsp;<\/p>\n<p>&nbsp;<\/p>\n<div id=\"attachment_1410\" style=\"width: 808px\" class=\"wp-caption aligncenter\"><a href=\"http:\/\/ullaniemi.se\/wp-content\/uploads\/\u00f6n-6-800-kopiera.jpg\"><img aria-describedby=\"caption-attachment-1410\" loading=\"lazy\" class=\"wp-image-1410 size-full\" src=\"http:\/\/ullaniemi.se\/wp-content\/uploads\/\u00f6n-6-800-kopiera.jpg\" alt=\"\u00f6n-6-800 kopiera\" width=\"798\" height=\"632\" srcset=\"http:\/\/ullaniemi.se\/wp-content\/uploads\/\u00f6n-6-800-kopiera.jpg 798w, http:\/\/ullaniemi.se\/wp-content\/uploads\/\u00f6n-6-800-kopiera-300x238.jpg 300w\" sizes=\"(max-width: 798px) 100vw, 798px\" \/><\/a><p id=\"caption-attachment-1410\" class=\"wp-caption-text\">Skulptur i Natur p\u00e5 Han\u00f6. &#8221;Boet&#8221; st\u00e5ltr\u00e5dsskulptur.<\/p><\/div>\n<div id=\"attachment_1387\" style=\"width: 410px\" class=\"wp-caption aligncenter\"><a href=\"http:\/\/ullaniemi.se\/wp-content\/uploads\/boet.jpg\"><img aria-describedby=\"caption-attachment-1387\" loading=\"lazy\" class=\"size-full wp-image-1387\" src=\"http:\/\/ullaniemi.se\/wp-content\/uploads\/boet.jpg\" alt=\"&quot;Boet&quot; Skulptur i Natur utst\u00e4llningen p\u00e5 Han\u00f6\" width=\"400\" height=\"300\" srcset=\"http:\/\/ullaniemi.se\/wp-content\/uploads\/boet.jpg 400w, http:\/\/ullaniemi.se\/wp-content\/uploads\/boet-300x225.jpg 300w\" sizes=\"(max-width: 400px) 100vw, 400px\" \/><\/a><p id=\"caption-attachment-1387\" class=\"wp-caption-text\">&#8221;Boet&#8221; Skulptur i Natur utst\u00e4llningen p\u00e5 Han\u00f6<\/p><\/div>\n<p>&nbsp;<\/p>\n<p><a href=\"http:\/\/ullaniemi.se\/wp-content\/uploads\/Han\u00f6-affisch-400-br.jpg\"><img loading=\"lazy\" class=\"aligncenter size-full wp-image-1121\" src=\"http:\/\/ullaniemi.se\/wp-content\/uploads\/Han\u00f6-affisch-400-br.jpg\" alt=\"Han\u00f6-affisch 400 br\" width=\"400\" height=\"566\" srcset=\"http:\/\/ullaniemi.se\/wp-content\/uploads\/Han\u00f6-affisch-400-br.jpg 400w, http:\/\/ullaniemi.se\/wp-content\/uploads\/Han\u00f6-affisch-400-br-212x300.jpg 212w\" sizes=\"(max-width: 400px) 100vw, 400px\" \/><\/a><\/p>\n<p><a href=\"http:\/\/ullaniemi.se\/wp-content\/uploads\/blekingar.jpg\"><img loading=\"lazy\" class=\"aligncenter size-full wp-image-1251\" src=\"http:\/\/ullaniemi.se\/wp-content\/uploads\/blekingar.jpg\" alt=\"Kulturcentrum i Ronneby, Blekingar 2014\" width=\"300\" height=\"435\" srcset=\"http:\/\/ullaniemi.se\/wp-content\/uploads\/blekingar.jpg 300w, http:\/\/ullaniemi.se\/wp-content\/uploads\/blekingar-206x300.jpg 206w\" sizes=\"(max-width: 300px) 100vw, 300px\" \/><\/a><\/p>\n<div id=\"attachment_1179\" style=\"width: 410px\" class=\"wp-caption aligncenter\"><a href=\"http:\/\/ullaniemi.se\/wp-content\/uploads\/Ulla-Niemi-och-Kicki-Noren-p\u00e5-vernissagedagen-p\u00e5-Karibakka.jpg\"><img aria-describedby=\"caption-attachment-1179\" loading=\"lazy\" class=\"wp-image-1179 size-full\" src=\"http:\/\/ullaniemi.se\/wp-content\/uploads\/Ulla-Niemi-och-Kicki-Noren-p\u00e5-vernissagedagen-p\u00e5-Karibakka.jpg\" alt=\"Utst\u00e4llning p\u00e5 Galleri Karibakka. Kicki Noren med mig Ulla Niemi\" width=\"400\" height=\"348\" srcset=\"http:\/\/ullaniemi.se\/wp-content\/uploads\/Ulla-Niemi-och-Kicki-Noren-p\u00e5-vernissagedagen-p\u00e5-Karibakka.jpg 400w, http:\/\/ullaniemi.se\/wp-content\/uploads\/Ulla-Niemi-och-Kicki-Noren-p\u00e5-vernissagedagen-p\u00e5-Karibakka-300x261.jpg 300w\" sizes=\"(max-width: 400px) 100vw, 400px\" \/><\/a><p id=\"caption-attachment-1179\" class=\"wp-caption-text\">Min utst\u00e4llning p\u00e5 Karibakka.<\/p><\/div>\n<div id=\"attachment_1274\" style=\"width: 192px\" class=\"wp-caption aligncenter\"><a href=\"http:\/\/ullaniemi.se\/wp-content\/uploads\/Blekingar-2014-3.jpg\"><img aria-describedby=\"caption-attachment-1274\" loading=\"lazy\" class=\"wp-image-1274 size-medium\" src=\"http:\/\/ullaniemi.se\/wp-content\/uploads\/Blekingar-2014-3-182x300.jpg\" alt=\"Tre glada utst\u00e4llare p\u00e5 Blekingar 2014\" width=\"182\" height=\"300\" srcset=\"http:\/\/ullaniemi.se\/wp-content\/uploads\/Blekingar-2014-3-182x300.jpg 182w, http:\/\/ullaniemi.se\/wp-content\/uploads\/Blekingar-2014-3-623x1024.jpg 623w, http:\/\/ullaniemi.se\/wp-content\/uploads\/Blekingar-2014-3.jpg 1000w\" sizes=\"(max-width: 182px) 100vw, 182px\" \/><\/a><p id=\"caption-attachment-1274\" class=\"wp-caption-text\">Kulturcentrum. Utst\u00e4llare p\u00e5 Blekingar 2014<\/p><\/div>\n<div id=\"attachment_1461\" style=\"width: 309px\" class=\"wp-caption aligncenter\"><a href=\"http:\/\/ullaniemi.se\/wp-content\/uploads\/Olofstr\u00f6m.jpg\" rel=\"attachment wp-att-1461\"><img aria-describedby=\"caption-attachment-1461\" loading=\"lazy\" class=\"size-full wp-image-1461\" src=\"http:\/\/ullaniemi.se\/wp-content\/uploads\/Olofstr\u00f6m.jpg\" alt=\"Oloftr\u00f6m utst\u00e4llningen &quot;Tv\u00e5 syns\u00e4tt&quot; mor och dotter\" width=\"299\" height=\"168\" \/><\/a><p id=\"caption-attachment-1461\" class=\"wp-caption-text\">Oloftr\u00f6m utst\u00e4llningen &#8221;Tv\u00e5 syns\u00e4tt&#8221; mor och dotter<\/p><\/div>\n<div id=\"attachment_1238\" style=\"width: 650px\" class=\"wp-caption aligncenter\"><a href=\"http:\/\/ullaniemi.se\/wp-content\/uploads\/IMG_7281.jpg\"><img aria-describedby=\"caption-attachment-1238\" loading=\"lazy\" class=\"size-large wp-image-1238\" src=\"http:\/\/ullaniemi.se\/wp-content\/uploads\/IMG_7281-1024x768.jpg\" alt=\"Tv\u00e5 syns\u00e4tt, Ulla och Lotta Niemi p\u00e5 Konsthallen L\u00e4ngan i Olofstr\u00f6m 20140524\" width=\"640\" height=\"480\" srcset=\"http:\/\/ullaniemi.se\/wp-content\/uploads\/IMG_7281-1024x768.jpg 1024w, http:\/\/ullaniemi.se\/wp-content\/uploads\/IMG_7281-300x225.jpg 300w\" sizes=\"(max-width: 640px) 100vw, 640px\" \/><\/a><p id=\"caption-attachment-1238\" class=\"wp-caption-text\">Tv\u00e5 syns\u00e4tt, Ulla och Lotta Niemi p\u00e5 Konsthallen L\u00e4ngan i Olofstr\u00f6m 20140524<\/p><\/div>\n<div id=\"attachment_1228\" style=\"width: 666px\" class=\"wp-caption aligncenter\"><a href=\"http:\/\/ullaniemi.se\/wp-content\/uploads\/bild.jpg\"><img aria-describedby=\"caption-attachment-1228\" loading=\"lazy\" class=\"size-full wp-image-1228\" src=\"http:\/\/ullaniemi.se\/wp-content\/uploads\/bild.jpg\" alt=\"Lotta, Ulla och Anita redo att \u00f6ppna \u00e5rets Konstrunda p\u00e5 Str\u00f6mma\" width=\"656\" height=\"549\" srcset=\"http:\/\/ullaniemi.se\/wp-content\/uploads\/bild.jpg 656w, http:\/\/ullaniemi.se\/wp-content\/uploads\/bild-300x251.jpg 300w\" sizes=\"(max-width: 656px) 100vw, 656px\" \/><\/a><p id=\"caption-attachment-1228\" class=\"wp-caption-text\">Lotta, Ulla och Anita redo att \u00f6ppna \u00e5rets Konstrunda p\u00e5 Str\u00f6mma<\/p><\/div>\n<p style=\"text-align: left;\">P\u00e5 Konstrundan i Blekinge h\u00e4ngde bla. &#8221;Reseminnen&#8221; collage\/blandteknik i Str\u00f6mma i min atelier.<\/p>\n<p style=\"text-align: left;\"><a href=\"http:\/\/ullaniemi.se\/wp-content\/uploads\/RM31.jpg\"><img loading=\"lazy\" class=\"aligncenter size-full wp-image-1100\" title=\"RM3\" src=\"http:\/\/ullaniemi.se\/wp-content\/uploads\/RM31.jpg\" alt=\"\" width=\"457\" height=\"300\" srcset=\"http:\/\/ullaniemi.se\/wp-content\/uploads\/RM31.jpg 457w, http:\/\/ullaniemi.se\/wp-content\/uploads\/RM31-300x196.jpg 300w\" sizes=\"(max-width: 457px) 100vw, 457px\" \/><\/a><\/p>\n<p>Vernissage 3\/5 p\u00e5 Form\/ Design Center i Malm\u00f6.\u00a0 Medverkar p\u00e5 utst\u00e4llningen &#8221;K\u00e4rlekar&#8221; som \u00e4r ett textilt installation best\u00e5ende av 48 konstn\u00e4rers verk.<\/p>\n<p style=\"text-align: left;\"><a href=\"http:\/\/ullaniemi.se\/wp-content\/uploads\/m8.jpg\"><img loading=\"lazy\" class=\"aligncenter size-full wp-image-1086\" title=\"Vernissage p\u00e5 Form och Design Center i Malm\u00f6 p\u00e5 utst\u00e4llningen &quot;K\u00e4rlekar&quot;\" src=\"http:\/\/ullaniemi.se\/wp-content\/uploads\/m8.jpg\" alt=\"\" width=\"400\" height=\"735\" srcset=\"http:\/\/ullaniemi.se\/wp-content\/uploads\/m8.jpg 400w, http:\/\/ullaniemi.se\/wp-content\/uploads\/m8-163x300.jpg 163w\" sizes=\"(max-width: 400px) 100vw, 400px\" \/><\/a><\/p>\n<p style=\"text-align: left;\">Utst\u00e4llningen i Alvesta 1\/2 2013<\/p>\n<p>T\u00e5rrn\u00e5lsgrafik och collage<\/p>\n<p style=\"text-align: center;\"><a href=\"http:\/\/ullaniemi.se\/wp-content\/uploads\/Alvesta-1.jpg\"><img loading=\"lazy\" class=\"size-full wp-image-1035 aligncenter\" style=\"margin-top: 40px; margin-bottom: 40px;\" title=\"torrn\u00e5lsgrafik och collage p\u00e5 utst\u00e4llningen i Alvesta.\" src=\"http:\/\/ullaniemi.se\/wp-content\/uploads\/Alvesta-1.jpg\" alt=\"\" width=\"600\" height=\"316\" srcset=\"http:\/\/ullaniemi.se\/wp-content\/uploads\/Alvesta-1.jpg 600w, http:\/\/ullaniemi.se\/wp-content\/uploads\/Alvesta-1-300x158.jpg 300w\" sizes=\"(max-width: 600px) 100vw, 600px\" \/><\/a><\/p>\n<p style=\"text-align: left;\">I Alvesta\u00a0 framf\u00f6r mina emaljerade kopparpl\u00e5tar &#8221;Observationer i tr\u00e4dg\u00e5rden&#8221;<\/p>\n<p><a href=\"http:\/\/ullaniemi.se\/wp-content\/uploads\/Alvesta-5.jpg\"><img loading=\"lazy\" class=\"size-full wp-image-1033 alignright\" style=\"margin-top: 40px; margin-bottom: 40px;\" title=\"Framf\u00f6r emaljer &quot;Observationer i tr\u00e4dg\u00e5rden&quot;.\" src=\"http:\/\/ullaniemi.se\/wp-content\/uploads\/Alvesta-5.jpg\" alt=\"\" width=\"800\" height=\"601\" srcset=\"http:\/\/ullaniemi.se\/wp-content\/uploads\/Alvesta-5.jpg 800w, http:\/\/ullaniemi.se\/wp-content\/uploads\/Alvesta-5-300x225.jpg 300w\" sizes=\"(max-width: 800px) 100vw, 800px\" \/><\/a><\/p>\n<p>St\u00e5ltr\u00e5dskulpturen i Br\u00e4kne\u00e5n p\u00e5 5:e \u00c5konstbiennalen 2012<\/p>\n<p>&nbsp;<\/p>\n<div id=\"attachment_918\" style=\"width: 410px\" class=\"wp-caption aligncenter\"><a href=\"http:\/\/ullaniemi.se\/wp-content\/uploads\/IMG_6734.jpg\"><img aria-describedby=\"caption-attachment-918\" loading=\"lazy\" class=\"wp-image-918 size-full\" title=\"&quot;Boet&quot; i Br\u00e4kne\u00e5n.\" src=\"http:\/\/ullaniemi.se\/wp-content\/uploads\/IMG_6734.jpg\" alt=\"\" width=\"400\" height=\"629\" \/><\/a><p id=\"caption-attachment-918\" class=\"wp-caption-text\">\u00c5konst &#8221;N\u00e4st&#8221;<\/p><\/div>\n<div id=\"attachment_910\" style=\"width: 410px\" class=\"wp-caption aligncenter\"><a href=\"http:\/\/ullaniemi.se\/wp-content\/uploads\/boet-1.jpg\"><img aria-describedby=\"caption-attachment-910\" loading=\"lazy\" class=\"wp-image-910 size-full\" title=\"&quot;Boet&quot; p\u00e5 Br\u00e4kne\u00e5n i Gummag\u00f6lsm\u00e5la p\u00e5 5:e \u00c5konstbiennalen.\" src=\"http:\/\/ullaniemi.se\/wp-content\/uploads\/boet-1.jpg\" alt=\"\" width=\"400\" height=\"387\" srcset=\"http:\/\/ullaniemi.se\/wp-content\/uploads\/boet-1.jpg 400w, http:\/\/ullaniemi.se\/wp-content\/uploads\/boet-1-300x290.jpg 300w\" sizes=\"(max-width: 400px) 100vw, 400px\" \/><\/a><p id=\"caption-attachment-910\" class=\"wp-caption-text\">\u00c5konst &#8221;N\u00e4st&#8221;<\/p><\/div>\n<p style=\"text-align: left;\"><strong>Blekingar 2012, S\u00f6lvesborgs Konsthall vernissagebilder<\/strong><\/p>\n<p style=\"text-align: center;\"><a href=\"http:\/\/ullaniemi.se\/wp-content\/uploads\/IMG_6709.jpg\"><img loading=\"lazy\" class=\"aligncenter size-full wp-image-895\" title=\"Invignistalaren fr\u00e5n Region Blekinge och ordf\u00f6rande i S\u00f6lvesborgs Konsthall 17\/6\" src=\"http:\/\/ullaniemi.se\/wp-content\/uploads\/IMG_6709.jpg\" alt=\"\" width=\"400\" height=\"300\" srcset=\"http:\/\/ullaniemi.se\/wp-content\/uploads\/IMG_6709.jpg 400w, http:\/\/ullaniemi.se\/wp-content\/uploads\/IMG_6709-300x225.jpg 300w\" sizes=\"(max-width: 400px) 100vw, 400px\" \/><\/a><a href=\"http:\/\/ullaniemi.se\/wp-content\/uploads\/IMG_67081.jpg\"><img loading=\"lazy\" class=\"aligncenter size-full wp-image-902\" title=\"man st\u00f6tte p\u00e5 goda bekanta..\" src=\"http:\/\/ullaniemi.se\/wp-content\/uploads\/IMG_67081.jpg\" alt=\"\" width=\"400\" height=\"300\" srcset=\"http:\/\/ullaniemi.se\/wp-content\/uploads\/IMG_67081.jpg 400w, http:\/\/ullaniemi.se\/wp-content\/uploads\/IMG_67081-300x225.jpg 300w\" sizes=\"(max-width: 400px) 100vw, 400px\" \/><\/a><a href=\"http:\/\/ullaniemi.se\/wp-content\/uploads\/IMG_67021.jpg\"><img loading=\"lazy\" class=\"aligncenter size-full wp-image-903\" title=\"..en bekant konstintresserad profil studerade mina grafiska blad..\" src=\"http:\/\/ullaniemi.se\/wp-content\/uploads\/IMG_67021.jpg\" alt=\"\" width=\"400\" height=\"582\" srcset=\"http:\/\/ullaniemi.se\/wp-content\/uploads\/IMG_67021.jpg 400w, http:\/\/ullaniemi.se\/wp-content\/uploads\/IMG_67021-206x300.jpg 206w\" sizes=\"(max-width: 400px) 100vw, 400px\" \/><\/a><a href=\"http:\/\/ullaniemi.se\/wp-content\/uploads\/IMG_6705.jpg\"><img loading=\"lazy\" class=\"aligncenter size-full wp-image-906\" title=\"vernissage publik\" src=\"http:\/\/ullaniemi.se\/wp-content\/uploads\/IMG_6705.jpg\" alt=\"\" width=\"400\" height=\"359\" srcset=\"http:\/\/ullaniemi.se\/wp-content\/uploads\/IMG_6705.jpg 400w, http:\/\/ullaniemi.se\/wp-content\/uploads\/IMG_6705-300x269.jpg 300w\" sizes=\"(max-width: 400px) 100vw, 400px\" \/><\/a><a href=\"http:\/\/ullaniemi.se\/wp-content\/uploads\/IMG_6710.jpg\"><img loading=\"lazy\" class=\"aligncenter size-full wp-image-908\" title=\"Invigning\" src=\"http:\/\/ullaniemi.se\/wp-content\/uploads\/IMG_6710.jpg\" alt=\"\" width=\"400\" height=\"370\" srcset=\"http:\/\/ullaniemi.se\/wp-content\/uploads\/IMG_6710.jpg 400w, http:\/\/ullaniemi.se\/wp-content\/uploads\/IMG_6710-300x277.jpg 300w\" sizes=\"(max-width: 400px) 100vw, 400px\" \/><\/a><\/p>\n<div id=\"attachment_1450\" style=\"width: 289px\" class=\"wp-caption aligncenter\"><a href=\"http:\/\/ullaniemi.se\/wp-content\/uploads\/dalarna.jpg\" rel=\"attachment wp-att-1450\"><img aria-describedby=\"caption-attachment-1450\" loading=\"lazy\" class=\"size-full wp-image-1450\" src=\"http:\/\/ullaniemi.se\/wp-content\/uploads\/dalarna.jpg\" alt=\"Dalarnas Museun emaljutst\u00e4llning med Ronneby och G\u00e4vle emaljister\" width=\"279\" height=\"180\" \/><\/a><p id=\"caption-attachment-1450\" class=\"wp-caption-text\">Dalarnas Museun emaljutst\u00e4llning med Ronneby och G\u00e4vle emaljister<\/p><\/div>\n<p style=\"text-align: left;\"><a href=\"http:\/\/ullaniemi.se\/wp-content\/uploads\/20120426.jpg\"><img loading=\"lazy\" class=\"aligncenter size-medium wp-image-859\" title=\"Kaffepaus Ulla och Jonas Lund vid h\u00e4ngning av Konstrundans samlingsutst\u00e4llning.\" src=\"http:\/\/ullaniemi.se\/wp-content\/uploads\/20120426-300x225.jpg\" alt=\"\" width=\"300\" height=\"225\" srcset=\"http:\/\/ullaniemi.se\/wp-content\/uploads\/20120426-300x225.jpg 300w, http:\/\/ullaniemi.se\/wp-content\/uploads\/20120426-1024x768.jpg 1024w, http:\/\/ullaniemi.se\/wp-content\/uploads\/20120426.jpg 1600w\" sizes=\"(max-width: 300px) 100vw, 300px\" \/><\/a><a href=\"http:\/\/ullaniemi.se\/wp-content\/uploads\/IMG_5984.jpg\"><img loading=\"lazy\" class=\"aligncenter size-medium wp-image-597\" title=\"&quot;Rester&quot; omemaljerad Kockumsfat av Ulla Niemi\" src=\"http:\/\/ullaniemi.se\/wp-content\/uploads\/IMG_5984-300x300.jpg\" alt=\"\" width=\"300\" height=\"300\" srcset=\"http:\/\/ullaniemi.se\/wp-content\/uploads\/IMG_5984-300x300.jpg 300w, http:\/\/ullaniemi.se\/wp-content\/uploads\/IMG_5984-150x150.jpg 150w, http:\/\/ullaniemi.se\/wp-content\/uploads\/IMG_5984-1020x1024.jpg 1020w, http:\/\/ullaniemi.se\/wp-content\/uploads\/IMG_5984.jpg 1281w\" sizes=\"(max-width: 300px) 100vw, 300px\" \/><\/a><img loading=\"lazy\" class=\"aligncenter size-medium wp-image-595\" title=\"Ulla Niemi p\u00e5 Kulturcentrum i Ronneby utst\u00e4llningen &quot;Kockums d\u00e5 - Konsten nu&quot;\" src=\"http:\/\/ullaniemi.se\/wp-content\/uploads\/IMG_5983-300x225.jpg\" alt=\"\" width=\"300\" height=\"225\" srcset=\"http:\/\/ullaniemi.se\/wp-content\/uploads\/IMG_5983-300x225.jpg 300w, http:\/\/ullaniemi.se\/wp-content\/uploads\/IMG_5983-1024x768.jpg 1024w\" sizes=\"(max-width: 300px) 100vw, 300px\" \/><a href=\"http:\/\/ullaniemi.se\/wp-content\/uploads\/IMG_49081.jpg\"><img loading=\"lazy\" class=\"aligncenter size-medium wp-image-584\" title=\"Ulla Niemis emaljer och Tuukka Peltonens tr\u00e4snitt\" src=\"http:\/\/ullaniemi.se\/wp-content\/uploads\/IMG_49081-300x225.jpg\" alt=\"\" width=\"300\" height=\"225\" srcset=\"http:\/\/ullaniemi.se\/wp-content\/uploads\/IMG_49081-300x225.jpg 300w, http:\/\/ullaniemi.se\/wp-content\/uploads\/IMG_49081-1024x768.jpg 1024w\" sizes=\"(max-width: 300px) 100vw, 300px\" \/><\/a><a href=\"http:\/\/ullaniemi.se\/wp-content\/uploads\/IMG_4902.jpg\"><img loading=\"lazy\" class=\"aligncenter size-medium wp-image-585\" title=\"Emaljer av Ulla Niemi och grafik av P\u00e4ivi Somppi\" src=\"http:\/\/ullaniemi.se\/wp-content\/uploads\/IMG_4902-300x225.jpg\" alt=\"\" width=\"300\" height=\"225\" srcset=\"http:\/\/ullaniemi.se\/wp-content\/uploads\/IMG_4902-300x225.jpg 300w, http:\/\/ullaniemi.se\/wp-content\/uploads\/IMG_4902-1024x768.jpg 1024w\" sizes=\"(max-width: 300px) 100vw, 300px\" \/><\/a><img loading=\"lazy\" class=\"aligncenter size-medium wp-image-581\" title=\"Ulla Niemis emaljer med finska grafiker p\u00e5 Kroma\" src=\"http:\/\/ullaniemi.se\/wp-content\/uploads\/IMG_49041-300x225.jpg\" alt=\"\" width=\"300\" height=\"225\" srcset=\"http:\/\/ullaniemi.se\/wp-content\/uploads\/IMG_49041-300x225.jpg 300w, http:\/\/ullaniemi.se\/wp-content\/uploads\/IMG_49041-1024x768.jpg 1024w\" sizes=\"(max-width: 300px) 100vw, 300px\" \/><\/p>\n<p><img loading=\"lazy\" class=\"alignnone size-medium wp-image-401\" style=\"margin: 40px;\" title=\"Klappat och Klart utst\u00e4llning p\u00e5 Kroma 2010. Ullas kollage.\" src=\"http:\/\/ullaniemi.se\/wp-content\/uploads\/IMG_35532-279x300.jpg\" alt=\"\" width=\"279\" height=\"300\" srcset=\"http:\/\/ullaniemi.se\/wp-content\/uploads\/IMG_35532-279x300.jpg 279w, http:\/\/ullaniemi.se\/wp-content\/uploads\/IMG_35532-954x1024.jpg 954w, http:\/\/ullaniemi.se\/wp-content\/uploads\/IMG_35532.jpg 1968w\" sizes=\"(max-width: 279px) 100vw, 279px\" \/><a href=\"http:\/\/ullaniemi.se\/wp-content\/uploads\/IMG_34441.jpg\"><img loading=\"lazy\" class=\"alignnone size-medium wp-image-397\" style=\"margin: 40px;\" title=\"Ulla Niemi p\u00e5 Dalarnas Museum.\" src=\"http:\/\/ullaniemi.se\/wp-content\/uploads\/IMG_34441-218x300.jpg\" alt=\"\" width=\"218\" height=\"300\" srcset=\"http:\/\/ullaniemi.se\/wp-content\/uploads\/IMG_34441-218x300.jpg 218w, http:\/\/ullaniemi.se\/wp-content\/uploads\/IMG_34441-747x1024.jpg 747w, http:\/\/ullaniemi.se\/wp-content\/uploads\/IMG_34441.jpg 1156w\" sizes=\"(max-width: 218px) 100vw, 218px\" \/><\/a> <a href=\"http:\/\/ullaniemi.se\/wp-content\/uploads\/IMG_32433.jpg\"><img loading=\"lazy\" class=\"alignnone size-medium wp-image-394\" style=\"margin: 40px;\" title=\"Harry Loontjens och Ulla Niemi. H\u00e4ngning p\u00e5 Emaljutst\u00e4llning p\u00e5 Dalarnas Museum. Harrys skulpturer p\u00e5 golvet.\" src=\"http:\/\/ullaniemi.se\/wp-content\/uploads\/IMG_32433-300x253.jpg\" alt=\"\" width=\"300\" height=\"253\" srcset=\"http:\/\/ullaniemi.se\/wp-content\/uploads\/IMG_32433-300x253.jpg 300w, http:\/\/ullaniemi.se\/wp-content\/uploads\/IMG_32433-1024x866.jpg 1024w, http:\/\/ullaniemi.se\/wp-content\/uploads\/IMG_32433.jpg 1896w\" sizes=\"(max-width: 300px) 100vw, 300px\" \/><\/a><\/p>\n","protected":false},"excerpt":{"rendered":"<p>&nbsp; &nbsp; &nbsp; &nbsp; &nbsp; P\u00e5 Konstrundan i Blekinge h\u00e4ngde bla. &#8221;Reseminnen&#8221; collage\/blandteknik i Str\u00f6mma i min atelier. Vernissage 3\/5 p\u00e5 Form\/ Design Center i Malm\u00f6.\u00a0 Medverkar p\u00e5 utst\u00e4llningen &#8221;K\u00e4rlekar&#8221; som \u00e4r ett textilt installation best\u00e5ende av 48 konstn\u00e4rers verk. &hellip; <a href=\"http:\/\/ullaniemi.se\/?page_id=379\">Forts\u00e4tt l\u00e4sa <span class=\"meta-nav\">&rarr;<\/span><\/a><\/p>\n","protected":false},"author":1,"featured_media":0,"parent":0,"menu_order":6,"comment_status":"closed","ping_status":"closed","template":"onecolumn-page.php","meta":[],"_links":{"self":[{"href":"http:\/\/ullaniemi.se\/index.php?rest_route=\/wp\/v2\/pages\/379"}],"collection":[{"href":"http:\/\/ullaniemi.se\/index.php?rest_route=\/wp\/v2\/pages"}],"about":[{"href":"http:\/\/ullaniemi.se\/index.php?rest_route=\/wp\/v2\/types\/page"}],"author":[{"embeddable":true,"href":"http:\/\/ullaniemi.se\/index.php?rest_route=\/wp\/v2\/users\/1"}],"replies":[{"embeddable":true,"href":"http:\/\/ullaniemi.se\/index.php?rest_route=%2Fwp%2Fv2%2Fcomments&post=379"}],"version-history":[{"count":77,"href":"http:\/\/ullaniemi.se\/index.php?rest_route=\/wp\/v2\/pages\/379\/revisions"}],"predecessor-version":[{"id":1500,"href":"http:\/\/ullaniemi.se\/index.php?rest_route=\/wp\/v2\/pages\/379\/revisions\/1500"}],"wp:attachment":[{"href":"http:\/\/ullaniemi.se\/index.php?rest_route=%2Fwp%2Fv2%2Fmedia&parent=379"}],"curies":[{"name":"wp","href":"https:\/\/api.w.org\/{rel}","templated":true}]}}